culate u(p).
4
Let l be (36 - (-104)/(-8)) + 1 + -2. Let f(i) = -7*i + 46. What is f(l)?
-108
Let r(y) = 2*y - 8. Let d be r(7). Let z be (8/d)/(8/(-12)). Let v(x) = -2*x. Let i(g) = -2*g**2 - 13*g - 2. Let h(u) = -i(u) + 5*v(u). What is h(z)?
4
Let l(s) be the first derivative of 0*s**2 + 3/40*s**5 + 0*s + 1/360*s**6 + 1/3*s**4 + 4/3*s**3 + 44. Let u(o) be the third derivative of l(o). Give u(-8).
0
Let c = 2 + 3. Let s(u) be the second derivative of u**5/20 - 5*u**4/12 + u**3/6 - 3*u**2/2 + 241*u. What is s(c)?
2
Let j(h) = -45*h**3 - h**2 + 4*h + 3. Let u(t) = -46*t**3 - 3*t**2 + 8*t + 3. Let n(s) = 3*j(s) - 2*u(s). Determine n(1).
-41
Let t be 46/(-92)*12/(27/(-12) + 3). Let s(n) = -80*n - 637. Give s(t).
3
Let n(p) = -p**3 + 7*p**2 - 7*p + 5. Suppose 0 = 5*b + 18 - 38. Suppose -8 = -v - a, -b*a + 7*a - 6 = 0. What is n(v)?
-1
Let r(x) = x - 9. Suppose -18 = 154*p - 152*p. Let k be 3/(-1) - p - 2. Determine r(k).
-5
Let k(d) = 1 + 5*d - 24*d**2 - 18*d**2 + 36*d**2 + 0*d**3 - d**3 - 11. Calculate k(-7).
4
Let p(o) be the second derivative of -3*o**5/20 - o**4/6 + o**3/3 + 3*o**2/2 + 17*o. Let d = 397 - 399. Determine p(d).
15
Let i(a) = a**2 - 9*a - 1. Let j = 14201 - 14192. Calculate i(j).
-1
Let i(r) = -r**3 + 17*r**2 + 1. Let d(o) = 4*o**3 - 46*o**2 + o + 8. Let x(s) = -d(s) - 3*i(s). Give x(-5).
-6
Let k(o) = -o**3 + o**2 - 3*o - 4. Suppose -2*b - 5*c + 18 = 0, -78*b + 76*b = c - 2. Give k(b).
1
Suppose 0 = 10*l - 4*l - 90. Let f(i) = -i - 10 + 23 - l. Let z be (6/(-4))/((-9)/18) + -8. Calculate f(z).
3
Let p(x) = -31 - 42*x + 56 - 15 - 6. Determine p(-1).
46
Let v(w) = -2*w**2 - 25*w - 33. Let f be -3*(178/1335 - 6/20)*-20. Give v(f).
17
Let o(j) = -22*j + 26. Let g(v) = 13*v - 11. Let l(k) = -6*k + 4. Let u(x) = 3*g(x) + 5*l(x). Let y(d) = 2*o(d) + 5*u(d). Determine y(6).
-7
Let t be 87*((-40)/12)/5*-1. Suppose 49*l = t*l + 9. Let c(d) = -2*d**2 - d - 1. Give c(l).
-2
Let y(o) = o**2 + 13*o. Let i(j) = j**2 + 11*j. Let a(p) = 6*i(p) - 5*y(p). Let d = -33 - -27. What is a(d)?
30
Let u(c) be the first derivative of -c**4/4 - 8*c**3/3 + c**2/2 - 2*c - 1054. Calculate u(-8).
-10
Let x(j) = 7*j**2 - 21*j + 26. Let u(g) = -2*g**2 + 2*g - 2. Let o(q) = 3*u(q) + x(q). Determine o(12).
-16
Let q(z) = 3 - z**2 + 0 - 1 - z + z**3 + 2*z**2. Let t = -66 - -157. Let h = -91 + t. Calculate q(h).
2
Let v(b) be the second derivative of 0*b**2 - 1/12*b**4 + 0 - 1/120*b**5 + 34*b + 5/2*b**3. Let n(o) be the second derivative of v(o). Determine n(6).
-8
Let b(z) = 2*z + 172807 - 3*z**2 - 15*z**2 - 172806 - 13*z**2. Determine b(-1).
-32
Let r be -4 + (-2 - 9*-2). Suppose -v = -18 + r. Let n(f) = -3*f + 1. Give n(v).
-17
Let f be 3/1 - (-237 + 2 + -14). Let p = f + -258. Let y(x) = x**2 + 7*x + 2. What is y(p)?
-4
Let y(p) = 3*p**3 + 14*p**2 - 7*p + 2. Let z(m) = m**3 + 7*m**2 - 4*m + 1. Let f(u) = 2*y(u) - 5*z(u). Let j be (-19 + 3)*2/(-8). Give f(j).
-25
Let n be -2 - -1 - -3 - 3. Let t(a) = a**2 - 1. Let b be t(n). Let w(q) = -4*q**2 + q**3 - 4 + 8*q + b - q - q**2. Give w(4).
8
Let o = 2 + 1. Let r(w) = 0*w + 4*w - o*w + 2*w. Let c(v) = -287*v - 1436. Let m be c(-5). Give r(m).
-3
Let x(t) = 2*t + 10. Let s = -51 - -63. Let r be ((-12)/(-9))/((-2)/s). Calculate x(r).
-6
Let d(y) be the first derivative of -6*y + 27*y**2 + 28*y**2 - 28 - 85*y**2 + 26*y**2. What is d(-2)?
10
Let q(z) = z - 5. Suppose -9*x + 105 = 5*d - 14*x, 3*d + 5*x = 103. Suppose -c + d*c = 0. Determine q(c).
-5
Let o(u) = 5*u + 18. Let k(n) = n**2 + 63*n + 603. Let r be k(-12). What is o(r)?
-27
Let f(s) be the second derivative of 0 + 13*s - 4/3*s**3 - s**2 + 2/3*s**4 - 1/20*s**5. Let v = -1 - -8. Determine f(v).
-9
Let o = -13 - -9. Let t(d) be the third derivative of d**6/120 + d**5/30 - 2*d**3/3 - 4*d**2 + 6*d + 159. Calculate t(o).
-36
Suppose -62 = -14*y - 20. Let c(d) = -1 - 2*d**3 + y*d - 18*d + 13*d - 2*d**2 + d**2. Let v be 6/(-24) - (-5)/(60/(-9)). Determine c(v).
2
Let q = 1 + 30. Let f = q - 31. Let i(a) = -10 + 0*a + 9 - a + f*a. Calculate i(-1).
0
Let j(i) = 100740*i - 286*i**2 + 283*i**2 - 100736*i - 5. Let k = 7 - 3. What is j(k)?
-37
Let o(g) = -g**3 - 7*g**2 + 9*g + 6. Let z(f) be the first derivative of -2*f**2 + 12*f + 10. Let t be z(5). Let d be o(t). Let r(i) = 3*i. Calculate r(d).
-6
Let t(z) = z**3 - 8*z**2 + 2*z - 9. Let c be t(10). Let r be (c/(-2) - 2)*8/10. Let h = -88 - r. Let s(p) = 3*p - 1. Determine s(h).
-7
Let z(y) be the third derivative of y**6/120 + y**5/12 + y**4/8 + y**2. Let j(c) = 2*c**2 + 14*c + 30. Let x be j(-7). Let h be (-2)/x*-9*-5. Determine z(h).
9
Let y(b) = -4*b + 17. Let n(c) = -4*c + 20. Let g be 1/(-3) + (-180)/27. Let z(a) = g*y(a) + 6*n(a). What is z(-5)?
-19
Let o(g) = -2*g**2 + 51*g + 29. Let j be o(26). Let k(q) = q**3 + 3*q**2 + 11*q. Let n(l) = -l**3 - 4*l**2 - 15*l. Let w(d) = j*n(d) + 4*k(d). Determine w(2).
6
Let p(k) = 6*k**2 + 11*k**2 + 1 - 19*k + 4*k**2 + 17*k - 22*k**2. Give p(-10).
-79
Suppose 0*o + 20 = 5*o. Suppose -o*l = 3*x - 9, -17 = -5*l - 0*x + 2*x. Suppose 0 = 9*z - l + 84. Let v(t) = -t**3 - 9*t**2 + t + 5. Calculate v(z).
-4
Let d(x) = -x**2 - 14 + 19*x + 8*x - 6*x. Let y be d(20). Let q(t) = 2*t**2 + 5*t + 3. Let n(i) = 3*i**2 + 5*i + 4. Let h(s) = -3*n(s) + 4*q(s). Determine h(y).
-6
Let k(z) = -64 - 1791*z - z**2 + 1775*z - 46 + 179. Calculate k(-20).
-11
Suppose -28*m = -32*m - 12. Let y = -4 - -6. Let w(i) = 3*i + y*i + 3 - i - 2. What is w(m)?
-11
Let q(l) = -13*l. Let f(c) = 14*c. Let z(k) = 6*f(k) + 7*q(k). Let o(i) = -i**3 - 34*i**2 - 3*i - 92. Let u be o(-34). Suppose -9 + u = x. Determine z(x).
-7
Suppose -33 = 4*d - 5*z, 3*d - z + 22 = -11. Let v(y) = 21*y + 37. Let a(u) = 30*u + 56. Let p(h) = -5*a(h) + 7*v(h). Determine p(d).
15
Let n(g) = -g**3 - 5*g**2 - 2*g - 1. Suppose -90*p = 135*p + 900. Calculate n(p).
-9
Let h(g) be the first derivative of -g**3 - 15*g**2 - 22*g + 159. Give h(-9).
5
Suppose 0 = -117*g + 122*g + 20. Let v(d) = 4*d**3 + 10*d**2 + 3*d + 6. What is v(g)?
-102
Let p(y) be the second derivative of 2*y**3/3 + 3*y**2/2 - y. Suppose 14*k = 29*k - 585. Let c = k + -45. Calculate p(c).
-21
Let h(m) = m**3 + 85*m**2 - 38*m**2 - 107 - 42*m**2 + 102 - m. Determine h(-5).
0
Suppose -385*q - 6129 - 1265 = 306. Let h(z) = -2*z + 23. Determine h(q).
63
Let z(i) = -9*i**2 + 38 + 25*i**2 - 8*i**2 - 31*i - 8*i**2 - 2*i**2. Calculate z(-17).
-13
Let d = -855 + 849. Let h(z) = -2*z + 13. Let m(c) = -c. Let v(f) = -2*f - 15. Let u(g) = 5*m(g) - v(g). Let p(i) = d*h(i) + 5*u(i). Give p(-3).
6
Let v(z) = -3*z**2 + 21*z + 4. Let q be v(7). Let d(w) = -q*w**3 - 55*w**2 - 3*w + 2*w + 53*w**2. Determine d(-1).
3
Let j = -401 + 408. Suppose -6 = -l - 2*p, -j*l = -5*l + 2*p - 10. Let f(u) = -3*u - u - 3*u + u**2 + 5. Calculate f(l).
-7
Let w(x) = 9*x**2 - 31*x - 80. Let h be w(6). Let k be (-4)/(-10) - (-317)/(-5). Let f = k + h. Let t(u) = u**2 + 4*u. Give t(f).
5
Suppose j - 6*j = -45. Let s be ((-45)/(-180))/(1/8). Suppose -m - s*m - j = 0. Let p(n) = -n**3 - n**2 + 3*n + 4. What is p(m)?
13
Let y(j) = j + 5. Let a be y(5). Let d be a/(-5)*5/(-2). Suppose -3*k = u + 2*k + 18, d*k = u - 32. Let c(r) = -r**3 + 7*r**2 + 2*r - 10. Determine c(u).
4
Let r(h) = 2*h**3 - 3*h**2 - 9*h - 16. Let v(a) = -a**3 + 4*a**2 + a + 1. Let f(p) = r(p) + 3*v(p). Determine f(7).
43
Let d = 41388 - 41389. Let l(p) = -75*p - 67. Determine l(d).
8
Suppose 0 = 2*n - 7*n - 15, -4*n = -b + 8. Let d(p) = 85*p**2 - 9*p - 46. Let y(l) = -32*l**2 + 3*l + 17. Let u(f) = 3*d(f) + 8*y(f). What is u(b)?
-6
Let j(c) = 2*c**3 - 5*c**2 + 3*c - 13. Let t = 20351 + -20348. Determine j(t).
5
Let y(j) be the second derivative of -5/2*j**2 - 5/6*j**3 + 0 - j - 1/12*j**4. Suppose h + 12 = -5*f, f - 1045 = 3*h - 1089. Give y(f).
-5
Let x = -311107 + 311110. Suppose 2*d - 2 = 2. Let z(r) = 3*r**3 - d*r**3 + r - 2 - 3*r**2 - 2*r. Give z(x).
-5
Let h(t) = -t**2 + 21*t + 197. Suppose -276*w = -302 - 7426. Determine h(w).
1
Let p(s) = -s**2 - s + 3. Suppose -3*j + 6*j - 4*r = 88, j - 26 = -2*r. Suppose -3*c = -2*n - 48, 0*n - 2*n = 2*c + j. Let t = n + 18. Calculate p(t).
3
Let b(d) = -5*d - 11. Let f(k) = 7*k + 11. Let j(s) = 4*b(s) + 3*f(s). Let r be j(15). Let i(x) = -x**3 + 3*x**2 + 4*x. Determine i(r).
0
Let z be 732/(-1159)*19/(-2). 